{"id":1051,"date":"2017-07-05T06:27:01","date_gmt":"2017-07-05T05:27:01","guid":{"rendered":"http:\/\/www.maximeherdoin.com\/?page_id=1051"},"modified":"2021-06-18T05:43:50","modified_gmt":"2021-06-18T04:43:50","slug":"2017-2","status":"publish","type":"page","link":"https:\/\/www.maximeherdoin.com\/?page_id=1051","title":{"rendered":"2017"},"content":{"rendered":"<p><strong>Du 10 janvier au 17 f\u00e9vrier 2017 : Exposition <a href=\"http:\/\/www.terium.org\/terium\/\">Terium, le Cri du Crayon<\/a>, pour la 8\u00e8me \u00e9dition du festival BD Auxerre fait son Angoul\u00eame.<\/strong><br \/>\n&gt; voir le <a href=\"http:\/\/yonnelautre.fr\/spip.php?article4656&amp;lang=fr\" target=\"_blank\" rel=\"noopener noreferrer\">programme<\/a>.<br \/>\n&gt; voir l&rsquo;article dans l&rsquo;<strong><a href=\"http:\/\/www.lyonne.fr\/auxerre\/loisirs\/art-litterature\/2017\/02\/02\/pour-auxerre-fait-son-angouleme-40-dessinateurs-plancheront-sur-la-gastronomie-des-samedi_12267890.html\">Yonne R\u00e9publicaine<\/a><\/strong>.<br \/>\n&gt; voir <a href=\"http:\/\/www.vide-grenier-bd.org\/\" target=\"_blank\" rel=\"noopener noreferrer\">les \u0153uvres<\/a> des 24h de la BD.<\/p>\n<p><strong>Les vendredis 20 et 27 janvier 2017 : Interview RCF En Bourgogne<\/strong>, pour la chronique Bien-Etre de <a href=\"http:\/\/larbrofees.com\/\" target=\"_blank\" rel=\"noopener noreferrer\">Catherine Collin<\/a> :<br \/>\n&gt; <a href=\"https:\/\/rcf.fr\/vie-quotidienne\/maxime-herdoin-artherapeute\" target=\"_blank\" rel=\"noopener noreferrer\">Quand l&rsquo;art est source de bien-\u00eatre<\/a>.<br \/>\n&gt; <a href=\"https:\/\/rcf.fr\/vie-quotidienne\/les-bienfaits-de-lartherapie\" target=\"_blank\" rel=\"noopener noreferrer\">Mieux se conna\u00eetre et apprendre des autres<\/a>.<\/p>\n<p><strong>Le samedi 4 f\u00e9vrier 2017, de 14h30 \u00e0 16h30 : S\u00e9ance d\u00e9couverte de l&rsquo;<a href=\"http:\/\/www.cerclelaique.org\/activite\/expression-creative\/\">Atelier Expression Cr\u00e9ative<\/a>, au <a href=\"http:\/\/www.cerclelaique.org\/\">Cercle La\u00efque Dijonnais<\/a>.<\/strong> (<a href=\"https:\/\/www.google.fr\/maps\/place\/Cercle+La%C3%AFque+Dijonnais\/@47.3263863,5.0329924,17z\/data=!3m1!4b1!4m5!3m4!1s0x47f282e03c5e596b:0xabe032f3036f4fcb!8m2!3d47.3263989!4d5.0351809?hl=fr\">acc\u00e8s<\/a>)<br \/>\n<em>\u00ab\u00a0Franchir Ensemble les Barri\u00e8res du Silence \u2013 Se D\u00e9couvrir Soi et l\u2019Autre\u00a0\u00bb<\/em><br \/>\nTout public \u00e0 partir de 8 ans.<br \/>\nAccessible LSF \u2013 Langue des Signes Fran\u00e7aise.<br \/>\n&gt; Ev\u00e8nement et description sur <a href=\"https:\/\/www.facebook.com\/events\/1174852642598560\/\">Facebook<\/a>.<\/p>\n<p><strong>Les 11 et 12 f\u00e9vrier 2017 : Exposition <a href=\"http:\/\/www.terium.org\/terium\/\" target=\"_blank\" rel=\"noopener noreferrer\">Terium, le Cri du Crayon<\/a> au 18\u00e8me Salon du Livre et de la BD, \u00e0 Chen\u00f4ve<\/strong>. (<a href=\"https:\/\/www.google.fr\/maps\/place\/Salle+des+f%C3%AAtes+-+Mairie+de+Ch%C3%AAnove\/@47.2826859,5.0066892,15z\/data=!4m5!3m4!1s0x0:0x4b4f73394ce2fde6!8m2!3d47.2826859!4d5.0066892?hl=fr\" target=\"_blank\" rel=\"noopener noreferrer\">acc\u00e8s<\/a>)<br \/>\n&gt; voir l&rsquo;article dans le <strong><a href=\"http:\/\/www.bienpublic.com\/edition-dijon-agglo\/2017\/02\/06\/le-salon-du-livre-ancien-s-ouvre-aux-dessinateurs-de-bd\">Bien Public<\/a><\/strong>.<\/p>\n<p><strong>Le vendredi 17 mars 2017, \u00e0 partir de 19h : R\u00e9union du <a href=\"https:\/\/lesartstherapies.wordpress.com\/\" target=\"_blank\" rel=\"noopener\">Collectif des Art-th\u00e9rapies de Dijon<\/a> : Atelier Exp\u00e9rientiel : Immersion sensorielle \/ La parole laisse place au corps<\/strong><br \/>\nCoanimation Sylvie Laboux et Maxime Herdoin<br \/>\n1 rue du Tillot, Dijon (<a href=\"https:\/\/www.google.fr\/maps\/place\/1+Rue+du+Tillot,+21000+Dijon\/@47.3207842,5.0327628,17z\/data=!3m1!4b1!4m5!3m4!1s0x47f29deaf76cb9ff:0x69042ac2542c72a4!8m2!3d47.3207842!4d5.0349515\" target=\"_blank\" rel=\"noopener\">acc\u00e8s<\/a>)<\/p>\n<p><strong>Le samedi 18 mars 2017 : Exposition <a href=\"http:\/\/www.terium.org\/terium\/\" target=\"_blank\" rel=\"noopener noreferrer\">Terium, le Cri du Crayon<\/a> : D\u00e9dicaces du fanzine Kadavresky \u00e0 l&rsquo;occasion de la Saint Patrick<\/strong><br \/>\n&gt; Le Comptoir des Bi\u00e8res, Chen\u00f4ve (<a href=\"https:\/\/www.google.com\/maps\/place\/Le+Comptoir+des+Bi%C3%A8res\/@47.2830779,5.0067418,17z\/data=!3m1!4b1!4m5!3m4!1s0x47f29c5dd6102579:0x84f82d822f6c00e1!8m2!3d47.2830743!4d5.0089436?hl=fr\" target=\"_blank\" rel=\"noopener\">acc\u00e8s<\/a>).<\/p>\n<p><strong>Le samedi 25 mars 2017, de 14h30 \u00e0 16h30 : S\u00e9ance d\u00e9couverte de l&rsquo;<a href=\"http:\/\/www.cerclelaique.org\/activite\/expression-creative\/\">Atelier Expression Cr\u00e9ative<\/a>, au <a href=\"http:\/\/www.cerclelaique.org\/\">Cercle La\u00efque Dijonnais<\/a>.<\/strong> (<a href=\"https:\/\/www.google.fr\/maps\/place\/Cercle+La%C3%AFque+Dijonnais\/@47.3263863,5.0329924,17z\/data=!3m1!4b1!4m5!3m4!1s0x47f282e03c5e596b:0xabe032f3036f4fcb!8m2!3d47.3263989!4d5.0351809?hl=fr\">acc\u00e8s<\/a>)<br \/>\n<em>\u00ab\u00a0Franchir Ensemble les Barri\u00e8res du Silence \u2013 Se D\u00e9couvrir Soi et l\u2019Autre\u00a0\u00bb<\/em><br \/>\nTout public \u00e0 partir de 8 ans.<br \/>\nAccessible LSF \u2013 Langue des Signes Fran\u00e7aise.<br \/>\n&gt; Ev\u00e8nement et description sur <a href=\"https:\/\/www.facebook.com\/events\/177867952700177\/\" target=\"_blank\" rel=\"noopener noreferrer\">Facebook<\/a>.<\/p>\n<p><strong>Les 1er et 2 avril 2017 : 2\u00e8me \u00e9dition du <a href=\"https:\/\/www.facebook.com\/events\/707076106121914\/\" target=\"_blank\" rel=\"noopener noreferrer\">Salon Bien-Etre &amp; D\u00e9veloppement Personnel<\/a> de l&rsquo;association <a href=\"http:\/\/www.santebienetre21.fr\/\" target=\"_blank\" rel=\"noopener noreferrer\">Sant\u00e9 Bien-Etre 21<\/a> : d\u00e9couverte de l&rsquo;Art-th\u00e9rapie (Tout Public et Accessible LSF &#8211; Langue des Signes Fran\u00e7aise),<br \/>\navec les art-th\u00e9rapeutes <a href=\"https:\/\/www.facebook.com\/Au-fil-de-Soi-Art-th\u00e9rapie-489837881220394\/\" target=\"_blank\" rel=\"noopener noreferrer\">Sylvie Laboux<\/a>, <a href=\"http:\/\/www.lespinceauxchausses.fr\/\" target=\"_blank\" rel=\"noopener noreferrer\">Nad\u00e8ge Jary<\/a>, <a href=\"https:\/\/joachimgelinier.wordpress.com\/\" target=\"_blank\" rel=\"noopener noreferrer\">Joachim G\u00e9linier<\/a>, Philippe Perez et Maxime Herdoin (responsable du p\u00f4le Art-th\u00e9rapie du Salon).<\/strong><br \/>\nConf\u00e9rence, pr\u00e9sentation et mini pratique.<br \/>\nEspace Tabourot des Accords, \u00e0 Saint Apollinaire (<a href=\"https:\/\/www.google.fr\/maps\/place\/Espace+Tabourot+des+Accords\/@47.3266286,5.0972164,15z\/data=!4m5!3m4!1s0x0:0xd4c0e3a6df3a31dd!8m2!3d47.3266286!4d5.0972164?hl=fr\" target=\"_blank\" rel=\"noopener noreferrer\">acc\u00e8s<\/a>)<br \/>\n&gt; voir <a href=\"https:\/\/fr-fr.facebook.com\/pg\/maxime.herdoin.art.therapie\/photos\/?tab=album&amp;album_id=1507074989310750\" target=\"_blank\" rel=\"noopener noreferrer\">les photos<\/a>.<\/p>\n<p><strong>Du 31 mars au 2 avril 2017 : Exposition <a href=\"http:\/\/www.terium.org\/terium\/\" target=\"_blank\" rel=\"noopener noreferrer\">Terium, le Cri du Crayon<\/a> aux 10\u00e8mes Rencontres de la BD<\/strong><br \/>\n&gt; Espace Municipal Jean Bouhey, Longvic (<a href=\"https:\/\/www.google.com\/maps\/place\/Espace+Municipal+Jean+Bouhey\/@47.2902187,5.0553524,17z\/data=!3m1!4b1!4m5!3m4!1s0x47f29e84e5dae55b:0x8c44a722cb96cf32!8m2!3d47.2902144!4d5.0575464?hl=fr\" target=\"_blank\" rel=\"noopener\">acc\u00e8s<\/a>).<\/p>\n<p><strong>Du 12 au 14 mai 2017 : Les Fl\u00e2neries Vagabondes (<a href=\"http:\/\/lavoixdesmots.org\/\" target=\"_blank\" rel=\"noopener noreferrer\">la Voix des Mots<\/a>) &#8211; Expositions et d\u00e9dicaces de <a href=\"http:\/\/www.terium.org\/terium\/\" target=\"_blank\" rel=\"noopener noreferrer\">Terium, le Cri du Crayon<\/a> autour de l&rsquo;\u0153uvre de Aloysius Bertrand, \u00ab\u00a0Gaspard de la Nuit\u00a0\u00bb ; \u00e0 Dijon, rue Monge, h\u00f4tel Despringles dit de Grandmont, ancien rectorat, salle des actes.<\/strong> (<a href=\"https:\/\/www.google.fr\/maps\/place\/51+Rue+Monge,+21000+Dijon\/@47.3187775,5.0317059,17z\/data=!3m1!4b1!4m5!3m4!1s0x47f29dc0241b8829:0xe12d173c0e2cbdec!8m2!3d47.3187775!4d5.0338946?hl=fr\" target=\"_blank\" rel=\"noopener noreferrer\">acc\u00e8s<\/a>)<br \/>\n&gt; \u00e9v\u00e8nement du <a href=\"http:\/\/jondi.fr\/evenement\/vernissage-de-lexposition-gaspard-de-la-nuit-selon-terium\/\" target=\"_blank\" rel=\"noopener noreferrer\">vernissage<\/a>, le vendredi 12 mai 2017, \u00e0 20h.<br \/>\n&gt; voir le <a href=\"http:\/\/musee-magnin.fr\/sites\/musee-magnin.fr\/files\/flaneries_vagabondes_-_depliant_aloysius.pdf\" target=\"_blank\" rel=\"noopener noreferrer\">programme<\/a> de tous les \u00e9v\u00e8nements.<br \/>\n&gt; voir <a href=\"http:\/\/www.terium.org\/terium\/Maxime\/album\/34\" target=\"_blank\" rel=\"noopener noreferrer\">les photos<\/a> de l&rsquo;exposition.<\/p>\n<p><strong>Le samedi 20 mai 2017, de 13h30 \u00e0 19h : 12\u00e8me \u00e9dition de la journ\u00e9e <a href=\"http:\/\/jdnd.mood.asso.fr\/\" target=\"_blank\" rel=\"noopener noreferrer\">Jouons de nos Diff\u00e9rences<\/a>\u00a0: animation de l&rsquo;Expression Cr\u00e9ative de l&rsquo;association <a href=\"https:\/\/www.facebook.com\/Lart-pour-Etre-418475791577016\/\" target=\"_blank\" rel=\"noopener noreferrer\">L&rsquo;Art Pour Etre<\/a>, avec les art-th\u00e9rapeutes <a href=\"https:\/\/www.facebook.com\/Au-fil-de-Soi-Art-th\u00e9rapie-489837881220394\/\" target=\"_blank\" rel=\"noopener noreferrer\">Sylvie Laboux<\/a> et Maxime Herdoin.<\/strong><br \/>\nEn partenariat avec le p\u00f4le Handicap du Centre Communal d&rsquo;Action Sociale et la ville de Dijon.<br \/>\nParc de la Colombi\u00e8re (<a href=\"https:\/\/www.google.fr\/maps\/place\/Parc+de+la+colombi%C3%A8re\/@47.3001392,5.0471567,15z\/data=!4m5!3m4!1s0x0:0xfe895718eb9c8f73!8m2!3d47.3001392!4d5.0471567?hl=fr\" target=\"_blank\" rel=\"noopener noreferrer\">acc\u00e8s<\/a>)<br \/>\n&gt; voir l&rsquo;article du <strong><a href=\"http:\/\/www.bienpublic.com\/edition-dijon-ville\/2017\/05\/20\/dijon-jouons-de-nos-differences-pour-les-depasser-au-parc-de-la-colombiere\" target=\"_blank\" rel=\"noopener noreferrer\">Bien Public<\/a><\/strong>.<br \/>\n&gt; voir <a href=\"https:\/\/fr-fr.facebook.com\/pg\/maxime.herdoin.art.therapie\/photos\/?tab=album&amp;album_id=1557419047609677\" target=\"_blank\" rel=\"noopener noreferrer\">les photos<\/a>.<\/p>\n<p><strong>Le samedi 9 septembre 2017, de 9h \u00e0 18h : Exposition <a href=\"http:\/\/www.terium.org\/terium\/\" target=\"_blank\" rel=\"noopener noreferrer\">Terium, le Cri du Crayon<\/a>, au 5\u00e8me March\u00e9 aux Livres, de l&rsquo;association <a href=\"http:\/\/untigreauparc12.blogspot.fr\/\" target=\"_blank\" rel=\"noopener noreferrer\">Un Tigre au Parc<\/a>, au parc Cl\u00e9menceau \u00e0 Dijon.<\/strong> (<a href=\"https:\/\/www.google.fr\/maps\/place\/Parc+Cl%C3%A9menceau\/@47.3269013,5.050331,15z\/data=!4m5!3m4!1s0x0:0xeaecfef18df01a79!8m2!3d47.3269013!4d5.050331?hl=fr\" target=\"_blank\" rel=\"noopener noreferrer\">acc\u00e8s<\/a>)<br \/>\n&gt; voir <a href=\"http:\/\/www.terium.org\/terium\/Maxime\/album\/35\" target=\"_blank\" rel=\"noopener noreferrer\">les photos<\/a>.<\/p>\n<p><strong>Le samedi 16 septembre 2017 : Exposition <a href=\"http:\/\/www.terium.org\/terium\/\" target=\"_blank\" rel=\"noopener noreferrer\">Terium, le Cri du Crayon<\/a>, pour l&rsquo;anniversaire du <a href=\"http:\/\/comptoirdesbieres.net\/\" target=\"_blank\" rel=\"noopener noreferrer\">Comptoir des Bi\u00e8res<\/a>, \u00e0 Chen\u00f4ve.<\/strong> (<a href=\"https:\/\/www.google.fr\/maps\/place\/Le+comptoir+des+bi%C3%A8re\/@47.2830188,5.0092648,15z\/data=!4m5!3m4!1s0x0:0x84f82d822f6c00e1!8m2!3d47.2830188!4d5.0092648?hl=fr\" target=\"_blank\" rel=\"noopener noreferrer\">acc\u00e8s<\/a>)<br \/>\n&gt; voir <a href=\"http:\/\/www.terium.org\/terium\/Maxime\/album\/36\" target=\"_blank\" rel=\"noopener noreferrer\">les photos<\/a>.<\/p>\n<p><strong>Le dimanche 24 septembre 2017, de 10h \u00e0 18h : Animation de <a href=\"https:\/\/www.facebook.com\/Lart-pour-Etre-418475791577016\/\" target=\"_blank\" rel=\"noopener noreferrer\">L&rsquo;Art Pour Etre<\/a> au <a href=\"http:\/\/www.crdva.org\/?p=89\" target=\"_blank\" rel=\"noopener noreferrer\">Grand D\u00e8j&rsquo; des Associations<\/a> (avec les art-th\u00e9rapeutes <a href=\"https:\/\/www.facebook.com\/Au-fil-de-Soi-Art-th\u00e9rapie-489837881220394\/\" target=\"_blank\" rel=\"noopener noreferrer\">Sylvie Laboux<\/a>, <a href=\"http:\/\/www.lespinceauxchausses.fr\/\" target=\"_blank\" rel=\"noopener noreferrer\">Nad\u00e8ge Jary<\/a>, <a href=\"https:\/\/joachimgelinier.wordpress.com\/\" target=\"_blank\" rel=\"noopener noreferrer\">Joachim G\u00e9linier<\/a>, Philippe Perez et Maxime Herdoin), lac Kir de Dijon.<\/strong> (<a href=\"https:\/\/www.google.fr\/maps\/place\/Lac+Kir\/@47.3271827,4.9892945,15z\/data=!3m1!4b1!4m5!3m4!1s0x47f29d6e4718063d:0x530d50d31d673db0!8m2!3d47.3273738!4d4.9989319?hl=fr\" target=\"_blank\" rel=\"noopener noreferrer\">acc\u00e8s<\/a>)<br \/>\n<em>\u00ab\u00a0Franchir Ensemble les barri\u00e8res du Silence &#8211; Se d\u00e9couvrir Soi et l&rsquo;Autre\u00a0\u00bb<\/em><br \/>\nPr\u00e9sentation et mini pratique d&rsquo;Expression Cr\u00e9ative pour un Mieux-Etre<br \/>\nTout Public, Accessible LSF &#8211; Langue des Signes Fran\u00e7aise.<br \/>\n&gt; voir l&rsquo;article dans <strong><a href=\"http:\/\/www.bienpublic.com\/edition-dijon-ville\/2017\/09\/24\/le-grand-dej-c-est-ce-dimanche\" target=\"_blank\" rel=\"noopener noreferrer\">le Bien Public<\/a><\/strong>.<br \/>\n&gt; voir <a href=\"http:\/\/www.bienpublic.com\/edition-dijon-ville\/2017\/09\/24\/dijon-le-grand-dej-en-images\" target=\"_blank\" rel=\"noopener noreferrer\">les photos<\/a> du <strong>Bien Public<\/strong>.<br \/>\n&gt; voir <a href=\"https:\/\/fr-fr.facebook.com\/pg\/maxime.herdoin.art.therapie\/photos\/?tab=album&amp;album_id=1688997354451845\" target=\"_blank\" rel=\"noopener noreferrer\">les photos<\/a> de l&rsquo;animation.<\/p>\n<p><strong>Les 7 et 8 octobre 2017 : <a href=\"http:\/\/terium.org\/wordpress\/24h\/\" target=\"_blank\" rel=\"noopener noreferrer\">24h de la BD<\/a>, avec la participation de l&rsquo;association <a href=\"http:\/\/www.terium.org\/terium\/\" target=\"_blank\" rel=\"noopener noreferrer\">Terium, le Cri du Crayon<\/a>, au mus\u00e9e Gorsline, Bussy-le-Grand.<\/strong> (<a href=\"https:\/\/www.google.fr\/maps\/place\/Gorsline+Carson\/@47.5820747,4.5300521,15z\/data=!4m5!3m4!1s0x0:0x600ce087eace63b2!8m2!3d47.5820747!4d4.5300521?hl=fr\" target=\"_blank\" rel=\"noopener noreferrer\">acc\u00e8s<\/a>)<br \/>\n&gt; voir l&rsquo;article dans le <strong><a href=\"http:\/\/www.bienpublic.com\/edition-haute-cote-d-or\/2017\/10\/10\/bussy-le-grand-les-24-heures-de-la-bd-au-musee-gorsline-en-images\" target=\"_blank\" rel=\"noopener noreferrer\">Bien Public<\/a><\/strong>.<br \/>\n&gt; voir les <a href=\"http:\/\/terium.org\/wordpress\/24h\/planches-bd\/\" target=\"_blank\" rel=\"noopener noreferrer\">travaux r\u00e9alis\u00e9s<\/a>.<\/p>\n<p><strong>Les 6, 12 et 17 octobre 2017, \u00e0 partir de 14h30 : PORTES OUVERTES : venez d\u00e9couvrir l&rsquo;Art-th\u00e9rapie !<br \/>\nAvec Maxime Herdoin, art-th\u00e9rapeute.<br \/>\nA Dijon, 17 impasse Prosper Mignard, \u00ab\u00a0Les Pinceaux Chauss\u00e9s\u00a0\u00bb.<\/strong> (<a href=\"https:\/\/www.google.fr\/maps\/place\/17+Impasse+Prosper+Mignard,+21000+Dijon\/data=!4m2!3m1!1s0x47f29e79116ced45:0x19bd2dbd03f9e9bf?hl=fr&amp;sa=X&amp;ved=0ahUKEwjkkoiZkLfWAhUJVhQKHdOwCU4Q8gEIJTAA\" target=\"_blank\" rel=\"noopener noreferrer\">acc\u00e8s<\/a>)<br \/>\nInvitation \u00e0 l&rsquo;Imaginaire, Exploration de soi-m\u00eame dans la mati\u00e8re picturale. Franchir les barri\u00e8res, se d\u00e9couvrir.<br \/>\nInscriptions + infos : maximeherdoin@aol.com \/ 06 31 36 14 21 (SMS Uniquement)<\/p>\n<p><strong>Les 21 et 22 octobre 2017 : Exposition <a href=\"http:\/\/www.terium.org\/terium\/\" target=\"_blank\" rel=\"noopener noreferrer\">Terium, le Cri du Crayon<\/a> \u00e0 la convention annuelle des <a href=\"http:\/\/www.auxerre-galactic-days.fr\/\" target=\"_blank\" rel=\"noopener noreferrer\">Galactic Days<\/a>, Auxerre.<\/strong> (<a href=\"https:\/\/www.google.fr\/maps\/place\/Complexe+Sportif+des+Hauts+d'Auxerre\/@47.8047963,3.5526926,15z\/data=!4m5!3m4!1s0x0:0x22f0c14cd2e3a84e!8m2!3d47.8047963!4d3.5526926?hl=fr\" target=\"_blank\" rel=\"noopener noreferrer\">acc\u00e8s<\/a>)<br \/>\n&gt; voir l&rsquo;article de <strong><a href=\"https:\/\/www.lyonne.fr\/auxerre\/loisirs\/fetes-sorties\/2017\/10\/20\/la-3e-edition-des-galactic-days-de-retour-ce-week-end_12597822.html\" target=\"_blank\" rel=\"noopener noreferrer\">L&rsquo;Yonne R\u00e9publicaine<\/a><\/strong>.<br \/>\n&gt; voir <a href=\"http:\/\/www.terium.org\/terium\/Maxime\/album\/37\" target=\"_blank\" rel=\"noopener noreferrer\">les photos<\/a>.<\/p>\n<p><strong>Les 8, 13 et 17 novembre 2017, \u00e0 partir de 14h30 : PORTES OUVERTES : Venez d\u00e9couvrir l&rsquo;Art-th\u00e9rapie !<br \/>\nAvec Maxime Herdoin, art-th\u00e9rapeute.<br \/>\nA Dijon, 17 impasse Prosper Mignard, \u00ab\u00a0Les Pinceaux Chauss\u00e9s\u00a0\u00bb.<\/strong><br \/>\n(<a href=\"https:\/\/www.google.fr\/maps\/place\/17+Impasse+Prosper+Mignard,+21000+Dijon\/@47.305054,5.0538924,17z\/data=!3m1!4b1!4m5!3m4!1s0x47f29e79116ced45:0x19bd2dbd03f9e9bf!8m2!3d47.305054!4d5.0560811?hl=fr\" target=\"_blank\" rel=\"noopener noreferrer\">acc\u00e8s<\/a>)<br \/>\nInvitation \u00e0 l&rsquo;Imaginaire, Exploration de soi-m\u00eame dans la mati\u00e8re picturale. Franchir les barri\u00e8res, se d\u00e9couvrir.<br \/>\nInscriptions + infos : maximeherdoin@aol.com \/ 06 31 36 14 21 (SMS Uniquement)<\/p>\n<p><strong>Du 16 novembre au 23 d\u00e9cembre 2017 : Exposition <a href=\"http:\/\/www.terium.org\/terium\/\" target=\"_blank\" rel=\"noopener noreferrer\">Terium, le Cri du Crayon<\/a>, \u00e0 la <a href=\"http:\/\/www.momie.fr\/pa128\/nt6\/dijon\" target=\"_blank\" rel=\"noopener noreferrer\">Librairie Momie<\/a>, Dijon.<\/strong> (<a href=\"https:\/\/www.google.fr\/maps\/place\/Libraire+Momie+Dijon\/@47.3240952,5.0388147,15z\/data=!4m5!3m4!1s0x0:0x8b9f8a60332ef90c!8m2!3d47.3240952!4d5.0388147?hl=fr\" target=\"_blank\" rel=\"noopener noreferrer\">acc\u00e8s<\/a>)<\/p>\n<p><strong>Du 24 au 30 novembre 2017 : Ateliers Partag\u00e9s avec <a href=\"http:\/\/www.terium.org\/terium\/\" target=\"_blank\" rel=\"noopener noreferrer\">Terium, le Cri du Crayon<\/a>, \u00e0 la Ferronnerie de Dijon.<\/strong> (<a href=\"https:\/\/www.google.fr\/search?hl=fr&amp;source=hp&amp;ei=Z70eWq_tMo7cwAKb_o-QCw&amp;q=dijon%20la%20ferronnerie&amp;oq=dijon+la+ferronnerie&amp;gs_l=psy-ab.3..0i22i30k1l2j38.799.3703.0.3934.20.11.0.0.0.0.391.1112.2-3j1.4.0....0...1c.1.64.psy-ab..16.4.1111...0j0i131k1.0.cyG-XryqtN8&amp;npsic=0&amp;rflfq=1&amp;rlha=0&amp;rllag=47339019,5055239,1952&amp;tbm=lcl&amp;rldimm=2823923364572904669&amp;ved=0ahUKEwjs9r7v-OPXAhWEKFAKHSJXDV8QvS4IRTAA&amp;rldoc=1&amp;tbs=lrf:!2m1!1e2!2m1!1e3!3sIAE,lf:1,lf_ui:2#rlfi=hd:;si:2823923364572904669;mv:!1m3!1d17179.991164522907!2d5.0496395000000005!3d47.33901925!2m3!1f0!2f0!3f0!3m2!1i222!2i305!4f13.1;tbs:lrf:!2m1!1e2!2m1!1e3!3sIAE,lf:1,lf_ui:2\" target=\"_blank\" rel=\"noopener noreferrer\">acc\u00e8s<\/a>)<br \/>\nExposition, D\u00e9monstrations, Vente<br \/>\nvoir <a href=\"http:\/\/www.terium.org\/terium\/Maxime\/album\/39\" target=\"_blank\" rel=\"noopener noreferrer\">les photos<\/a>.<\/p>\n<p><strong>Le samedi 18 novembre 2017, de 14h30 \u00e0 16h30 : Animation d&rsquo;un atelier <a href=\"http:\/\/www.cerclelaique.org\/activite\/expression-creative\/\" target=\"_blank\" rel=\"noopener noreferrer\">Expression Cr\u00e9ative<\/a>, \u00e0 l&rsquo;occasion du <a href=\"http:\/\/www.festivalmigrantscene.org\/\" target=\"_blank\" rel=\"noopener noreferrer\">Festival Migrant&rsquo;Sc\u00e8ne<\/a>, au Cercle La\u00efque Dijonnais.<\/strong> (<a href=\"https:\/\/www.google.fr\/maps\/place\/Cercle+La%C3%AFque+Dijonnais\/@47.3263863,5.0329924,17z\/data=!3m1!4b1!4m5!3m4!1s0x47f282e03c5e596b:0xabe032f3036f4fcb!8m2!3d47.3263989!4d5.0351809?hl=fr\" target=\"_blank\" rel=\"noopener noreferrer\">acc\u00e8s<\/a>)<br \/>\n<em>De l&rsquo;Envol \u00e0 la Terre d&rsquo;accueil.<\/em><br \/>\n(expression corporelle, mouvement dans\u00e9, modelage&#8230;)<br \/>\nAvec les art-th\u00e9rapeutes <a href=\"https:\/\/www.facebook.com\/Au-fil-de-Soi-Art-th\u00e9rapie-489837881220394\/\" target=\"_blank\" rel=\"noopener noreferrer\">Sylvie Laboux<\/a> et Maxime Herdoin<br \/>\nInscriptions : animation.cld@free.fr \/ 03 80 30 67 24<\/p>\n<p><strong>Le jeudi 23 novembre 2017, de 16h30 \u00e0 22h : Exposition <a href=\"http:\/\/www.terium.org\/terium\/\" target=\"_blank\" rel=\"noopener noreferrer\">Terium, le Cri du Crayon<\/a> \u00e0 Cultura (centre commercial La Toison d&rsquo;Or) Dijon.<\/strong> (<a href=\"https:\/\/www.google.fr\/maps\/place\/Cultura+Dijon\/@47.358161,5.0484533,15z\/data=!4m5!3m4!1s0x0:0x83101c18701f0f3c!8m2!3d47.358161!4d5.0484533?hl=fr\" target=\"_blank\" rel=\"noopener noreferrer\">acc\u00e8s<\/a>)<br \/>\n&gt; voir <a href=\"http:\/\/www.terium.org\/terium\/Maxime\/album\/38\" target=\"_blank\" rel=\"noopener noreferrer\">les photos<\/a>.<\/p>\n<p><strong>Le samedi 9 d\u00e9cembre 2017 : <a href=\"https:\/\/www.afm-telethon.fr\/\" target=\"_blank\" rel=\"noopener noreferrer\">AFM-T\u00e9l\u00e9thon<\/a>, organis\u00e9 par l&rsquo;association <a href=\"http:\/\/untigreauparc12.blogspot.fr\/\" target=\"_blank\" rel=\"noopener noreferrer\">Un Tigre au Parc<\/a>, au centre commercial Cl\u00e9menceau, Dijon (<a href=\"https:\/\/www.google.fr\/maps\/place\/12+Boulevard+Georges+Clemenceau,+21000+Dijon\/@47.3269351,5.0469764,17z\/data=!3m1!4b1!4m5!3m4!1s0x47f29de4b94619af:0xb2b456300c6fc844!8m2!3d47.3269351!4d5.0491651?hl=fr\" target=\"_blank\" rel=\"noopener noreferrer\">acc\u00e8s<\/a>).<br \/>\nAnimation du stand Art-th\u00e9rapie de l&rsquo;association <a href=\"https:\/\/www.facebook.com\/Lart-pour-Etre-418475791577016\/\" target=\"_blank\" rel=\"noopener noreferrer\">L&rsquo;Art Pour Etre<\/a><\/strong><br \/>\n<em>De la Rencontre au Partage<br \/>\n\u00ab\u00a0Franchir Ensemble les barri\u00e8res du Silence &#8211; Se d\u00e9couvrir Soi et l&rsquo;Autre\u00a0\u00bb<\/em><br \/>\nPr\u00e9sentation et mini pratique de l&rsquo;Expression Cr\u00e9ative pour un Mieux-Etre<br \/>\navec les art-th\u00e9rapeutes <a href=\"https:\/\/www.facebook.com\/Au-fil-de-Soi-Art-th\u00e9rapie-489837881220394\/\" target=\"_blank\" rel=\"noopener noreferrer\">Sylvie Laboux<\/a>, <a href=\"http:\/\/www.espace-art-expression.fr\/\" target=\"_blank\" rel=\"noopener noreferrer\">Joachim G\u00e9linier<\/a>, Philippe Perez et Maxime Herdoin.<br \/>\nTout Public, Accessible LSF &#8211; Langue des Signes Fran\u00e7aise<br \/>\n&gt; voir <a href=\"https:\/\/www.facebook.com\/pg\/maxime.herdoin.art.therapie\/photos\/?tab=album&amp;album_id=1767771999907713\" target=\"_blank\" rel=\"noopener noreferrer\">les photos<\/a>.<\/p>\n<p><strong>Le vendredi 15 d\u00e9cembre 2017, \u00e0 partir de 17h30 : <a href=\"https:\/\/lesartstherapies.wordpress.com\/2018\/01\/05\/compte-rendu-de-la-reunion-du-collectif-du-15-12-17\/\" target=\"_blank\" rel=\"noopener\">R\u00e9union<\/a> du <a href=\"https:\/\/lesartstherapies.wordpress.com\/\" target=\"_blank\" rel=\"noopener\">Collectif des Art-th\u00e9rapies de Dijon<\/a><\/strong><br \/>\nEspace Art Expression (<a href=\"https:\/\/www.google.fr\/maps\/place\/12+Rue+Thurot,+21000+Dijon\/@47.3264058,5.0254571,17z\/data=!3m1!4b1!4m5!3m4!1s0x47f29d917ddecc77:0xd18b319022136b50!8m2!3d47.3264058!4d5.0276458\" target=\"_blank\" rel=\"noopener\">acc\u00e8s<\/a>).<\/p>\n","protected":false},"excerpt":{"rendered":"<p>Du 10 janvier au 17 f\u00e9vrier 2017 : Exposition Terium, le Cri du Crayon, pour la 8\u00e8me \u00e9dition du festival BD Auxerre fait son Angoul\u00eame. &gt; voir le programme. &gt; voir l&rsquo;article dans l&rsquo;Yonne R\u00e9publicaine. &gt; voir les \u0153uvres des 24h de la BD. Les vendredis 20 et 27 janvier 2017 : Interview RCF En [&hellip;]<\/p>\n","protected":false},"author":4,"featured_media":0,"parent":968,"menu_order":0,"comment_status":"closed","ping_status":"closed","template":"","meta":{"footnotes":""},"class_list":["post-1051","page","type-page","status-publish","hentry"],"_links":{"self":[{"href":"https:\/\/www.maximeherdoin.com\/index.php?rest_route=\/wp\/v2\/pages\/1051","targetHints":{"allow":["GET"]}}],"collection":[{"href":"https:\/\/www.maximeherdoin.com\/index.php?rest_route=\/wp\/v2\/pages"}],"about":[{"href":"https:\/\/www.maximeherdoin.com\/index.php?rest_route=\/wp\/v2\/types\/page"}],"author":[{"embeddable":true,"href":"https:\/\/www.maximeherdoin.com\/index.php?rest_route=\/wp\/v2\/users\/4"}],"replies":[{"embeddable":true,"href":"https:\/\/www.maximeherdoin.com\/index.php?rest_route=%2Fwp%2Fv2%2Fcomments&post=1051"}],"version-history":[{"count":18,"href":"https:\/\/www.maximeherdoin.com\/index.php?rest_route=\/wp\/v2\/pages\/1051\/revisions"}],"predecessor-version":[{"id":1901,"href":"https:\/\/www.maximeherdoin.com\/index.php?rest_route=\/wp\/v2\/pages\/1051\/revisions\/1901"}],"up":[{"embeddable":true,"href":"https:\/\/www.maximeherdoin.com\/index.php?rest_route=\/wp\/v2\/pages\/968"}],"wp:attachment":[{"href":"https:\/\/www.maximeherdoin.com\/index.php?rest_route=%2Fwp%2Fv2%2Fmedia&parent=1051"}],"curies":[{"name":"wp","href":"https:\/\/api.w.org\/{rel}","templated":true}]}}